{"id":1164,"date":"2021-09-28T08:52:34","date_gmt":"2021-09-28T03:52:34","guid":{"rendered":"https:\/\/arcasfumigaciones.com\/?page_id=1164"},"modified":"2024-03-27T03:40:03","modified_gmt":"2024-03-26T22:40:03","slug":"desinfeccion-de-espacios","status":"publish","type":"page","link":"https:\/\/arcasfumigaciones.com\/index.php\/desinfeccion-de-espacios\/","title":{"rendered":"Desinfecci\u00f3n de espacios"},"content":{"rendered":"\t\t<div data-elementor-type=\"wp-page\" data-elementor-id=\"1164\" class=\"elementor elementor-1164\" data-elementor-settings=\"[]\">\n\t\t\t\t\t\t<div class=\"elementor-inner\">\n\t\t\t\t\t\t\t<div class=\"elementor-section-wrap\">\n\t\t\t\t\t\t\t<section class=\"elementor-section elementor-top-section elementor-element elementor-element-0efd72d elementor-section-boxed elementor-section-height-default elementor-section-height-default\" data-id=\"0efd72d\" data-element_type=\"section\">\n\t\t\t\t\t\t<div class=\"elementor-container elementor-column-gap-default\">\n\t\t\t\t\t\t\t<div class=\"elementor-row\">\n\t\t\t\t\t<div class=\"elementor-column elementor-col-50 elementor-top-column elementor-element elementor-element-7a93dc0\" data-id=\"7a93dc0\" data-element_type=\"column\">\n\t\t\t<div class=\"elementor-column-wrap elementor-element-populated\">\n\t\t\t\t\t\t\t<div class=\"elementor-widget-wrap\">\n\t\t\t\t\t\t<div class=\"elementor-element elementor-element-e0aa208 elementor-arrows-position-inside elementor-pagination-position-outside elementor-widget elementor-widget-image-carousel\" data-id=\"e0aa208\" data-element_type=\"widget\" data-settings=\"{&quot;slides_to_show&quot;:&quot;1&quot;,&quot;navigation&quot;:&quot;both&quot;,&quot;autoplay&quot;:&quot;yes&quot;,&quot;pause_on_hover&quot;:&quot;yes&quot;,&quot;pause_on_interaction&quot;:&quot;yes&quot;,&quot;autoplay_speed&quot;:5000,&quot;infinite&quot;:&quot;yes&quot;,&quot;effect&quot;:&quot;slide&quot;,&quot;speed&quot;:500}\" data-widget_type=\"image-carousel.default\">\n\t\t\t\t<div class=\"elementor-widget-container\">\n\t\t\t\t\t<div class=\"elementor-image-carousel-wrapper swiper-container\" dir=\"ltr\">\n\t\t\t<div class=\"elementor-image-carousel swiper-wrapper\">\n\t\t\t\t\t\t\t\t<div class=\"swiper-slide\"><figure class=\"swiper-slide-inner\"><img class=\"swiper-slide-image\" src=\"https:\/\/arcasfumigaciones.com\/wp-content\/uploads\/elementor\/thumbs\/WhatsApp-Image-2021-05-31-at-1.45.34-PM-2-pcxbmtnmnqf6c6e11sg2e2cvhof9kw4bhwts5dul34.jpeg\" alt=\"WhatsApp Image 2021-05-31 at 1.45.34 PM (2)\" \/><\/figure><\/div><div class=\"swiper-slide\"><figure class=\"swiper-slide-inner\"><img class=\"swiper-slide-image\" src=\"https:\/\/arcasfumigaciones.com\/wp-content\/uploads\/elementor\/thumbs\/IMG_8174-qlst2eeao1hv8bf5wm9o5ufll1flbu9pqa5ha62c00.jpg\" alt=\"IMG_8174\" \/><\/figure><\/div><div class=\"swiper-slide\"><figure class=\"swiper-slide-inner\"><img class=\"swiper-slide-image\" src=\"https:\/\/arcasfumigaciones.com\/wp-content\/uploads\/elementor\/thumbs\/WhatsApp-Image-2021-10-12-at-9.49.02-AM-scaled-pegqztca7wdd4oymtzulx9dfbwr4gw46a7hqv2cv9c.jpeg\" alt=\"Fumigaci\u00f3n general\" \/><\/figure><\/div><div class=\"swiper-slide\"><figure class=\"swiper-slide-inner\"><img class=\"swiper-slide-image\" src=\"https:\/\/arcasfumigaciones.com\/wp-content\/uploads\/elementor\/thumbs\/81736892_l_normal_none-scaled-qdhtgt1cf5gdq9oaz3ylghsww8bf0hfziv30g0qwjk.jpg\" alt=\"Industrial worker using sprayer for organic pesticide distribution in fruit orchard\" \/><\/figure><\/div>\t\t\t<\/div>\n\t\t\t\t\t\t\t\t\t\t\t\t<div class=\"swiper-pagination\"><\/div>\n\t\t\t\t\t\t\t\t\t\t\t\t\t<div class=\"elementor-swiper-button elementor-swiper-button-prev\">\n\t\t\t\t\t\t<i class=\"eicon-chevron-left\" aria-hidden=\"true\"><\/i>\n\t\t\t\t\t\t<span class=\"elementor-screen-only\">Anterior<\/span>\n\t\t\t\t\t<\/div>\n\t\t\t\t\t<div class=\"elementor-swiper-button elementor-swiper-button-next\">\n\t\t\t\t\t\t<i class=\"eicon-chevron-right\" aria-hidden=\"true\"><\/i>\n\t\t\t\t\t\t<span class=\"elementor-screen-only\">Siguiente<\/span>\n\t\t\t\t\t<\/div>\n\t\t\t\t\t\t\t\t\t<\/div>\n\t\t\t\t<\/div>\n\t\t\t\t<\/div>\n\t\t\t\t\t\t<\/div>\n\t\t\t\t\t<\/div>\n\t\t<\/div>\n\t\t\t\t<div class=\"elementor-column elementor-col-50 elementor-top-column elementor-element elementor-element-1c76acd\" data-id=\"1c76acd\" data-element_type=\"column\">\n\t\t\t<div class=\"elementor-column-wrap elementor-element-populated\">\n\t\t\t\t\t\t\t<div class=\"elementor-widget-wrap\">\n\t\t\t\t\t\t<div class=\"elementor-element elementor-element-22576f1 elementor-widget elementor-widget-text-editor\" data-id=\"22576f1\" data-element_type=\"widget\" data-widget_type=\"text-editor.default\">\n\t\t\t\t<div class=\"elementor-widget-container\">\n\t\t\t\t\t\t\t\t<div class=\"elementor-text-editor elementor-clearfix\">\n\t\t\t\t<h5><span lang=\"ES-CO\">&nbsp;<\/span><\/h5>\n<h5><span lang=\"ES-CO\"><b>&nbsp;<\/b><\/span><\/h5>\n<h5><span lang=\"ES-CO\"><b>Desinfecci\u00f3n de espacios en \u00e1reas industriales, comerciales, residenciales entre otras.<\/b><\/span><\/h5>\n<p><span lang=\"ES-CO\"><b>&nbsp;<\/b><\/span><\/p>\n<p><span lang=\"ES-CO\">Mediante un an\u00e1lisis previo se hace un diagn\u00f3stico de prevenci\u00f3n, educaci\u00f3n ambiental y de salubridad, se recomiendan acciones preventivas para el manejo de plagas (Instalaci\u00f3n de dispositivos, trampas) cubriendo \u00e1reas industriales, residenciales,&nbsp;comercial entre otros.<\/span><\/p>\n<p><span lang=\"ES-CO\">&nbsp;<\/span><\/p>\n<p><b><span lang=\"ES-CO\"><b>Manejo<\/b> <b>integrado<\/b> <b>de<\/b><\/span><span lang=\"ES-CO\"><b> plagas<\/b><\/span><\/b><\/p>\n<p><b><span lang=\"ES-CO\">&nbsp;<\/span><\/b><\/p>\n<p><\/p>\n<p><span lang=\"ES-CO\">Mediante el (MIP) se ofrece el control y prevenci\u00f3n, disminuci\u00f3n y monitoreo de plagas como: cucarachas, ratones, hormigas, zancudos, etc.<\/span><\/p>\t\t\t\t\t<\/div>\n\t\t\t\t\t\t<\/div>\n\t\t\t\t<\/div>\n\t\t\t\t\t\t<\/div>\n\t\t\t\t\t<\/div>\n\t\t<\/div>\n\t\t\t\t\t\t\t\t<\/div>\n\t\t\t\t\t<\/div>\n\t\t<\/section>\n\t\t\t\t<section class=\"elementor-section elementor-top-section elementor-element elementor-element-66e82de2 elementor-section-content-middle elementor-section-boxed elementor-section-height-default elementor-section-height-default\" data-id=\"66e82de2\" data-element_type=\"section\" data-settings=\"{&quot;background_background&quot;:&quot;classic&quot;,&quot;shape_divider_top&quot;:&quot;opacity-tilt&quot;}\">\n\t\t\t\t\t<div class=\"elementor-shape elementor-shape-top\" data-negative=\"false\">\n\t\t\t<svg xmlns=\"http:\/\/www.w3.org\/2000\/svg\" viewBox=\"0 0 2600 131.1\" preserveAspectRatio=\"none\">\n\t<path class=\"elementor-shape-fill\" d=\"M0 0L2600 0 2600 69.1 0 0z\"\/>\n\t<path class=\"elementor-shape-fill\" style=\"opacity:0.5\" d=\"M0 0L2600 0 2600 69.1 0 69.1z\"\/>\n\t<path class=\"elementor-shape-fill\" style=\"opacity:0.25\" d=\"M2600 0L0 0 0 130.1 2600 69.1z\"\/>\n<\/svg>\t\t<\/div>\n\t\t\t\t\t<div class=\"elementor-container elementor-column-gap-no\">\n\t\t\t\t\t\t\t<div class=\"elementor-row\">\n\t\t\t\t\t<div class=\"elementor-column elementor-col-100 elementor-top-column elementor-element elementor-element-7fc6dcb8\" data-id=\"7fc6dcb8\" data-element_type=\"column\">\n\t\t\t<div class=\"elementor-column-wrap elementor-element-populated\">\n\t\t\t\t\t\t\t<div class=\"elementor-widget-wrap\">\n\t\t\t\t\t\t<div class=\"elementor-element elementor-element-7184d7f6 elementor-widget elementor-widget-heading\" data-id=\"7184d7f6\" data-element_type=\"widget\" data-widget_type=\"heading.default\">\n\t\t\t\t<div class=\"elementor-widget-container\">\n\t\t\t<h4 class=\"elementor-heading-title elementor-size-default\">\u00bfQuieres saber m\u00e1s de este servicio?<\/h4>\t\t<\/div>\n\t\t\t\t<\/div>\n\t\t\t\t<div class=\"elementor-element elementor-element-6e720522 elementor-widget elementor-widget-text-editor\" data-id=\"6e720522\" data-element_type=\"widget\" data-widget_type=\"text-editor.default\">\n\t\t\t\t<div class=\"elementor-widget-container\">\n\t\t\t\t\t\t\t\t<div class=\"elementor-text-editor elementor-clearfix\">\n\t\t\t\t<p>\u00a1Hablemos! haciendo clic<\/p>\t\t\t\t\t<\/div>\n\t\t\t\t\t\t<\/div>\n\t\t\t\t<\/div>\n\t\t\t\t<div class=\"elementor-element elementor-element-94c3ce elementor-align-center elementor-widget elementor-widget-button\" data-id=\"94c3ce\" data-element_type=\"widget\" data-widget_type=\"button.default\">\n\t\t\t\t<div class=\"elementor-widget-container\">\n\t\t\t\t\t<div class=\"elementor-button-wrapper\">\n\t\t\t<a href=\"https:\/\/arcasfumigaciones.com\/index.php\/contactanos\/\" class=\"elementor-button-link elementor-button elementor-size-sm elementor-animation-grow\" role=\"button\">\n\t\t\t\t\t\t<span class=\"elementor-button-content-wrapper\">\n\t\t\t\t\t\t<span class=\"elementor-button-text\">Aqu\u00ed<\/span>\n\t\t<\/span>\n\t\t\t\t\t<\/a>\n\t\t<\/div>\n\t\t\t\t<\/div>\n\t\t\t\t<\/div>\n\t\t\t\t<div class=\"elementor-element elementor-element-313f6ed elementor-button-success elementor-align-center elementor-widget elementor-widget-button\" data-id=\"313f6ed\" data-element_type=\"widget\" data-widget_type=\"button.default\">\n\t\t\t\t<div class=\"elementor-widget-container\">\n\t\t\t\t\t<div class=\"elementor-button-wrapper\">\n\t\t\t<a href=\"https:\/\/api.whatsapp.com\/send?phone=+573508581944&#038;text=Buenas%20tardes,%20deseo%20cotizar%20sus%20servicios.%20Gracias.\" class=\"elementor-button-link elementor-button elementor-size-sm\" role=\"button\">\n\t\t\t\t\t\t<span class=\"elementor-button-content-wrapper\">\n\t\t\t\t\t\t<span class=\"elementor-button-icon elementor-align-icon-left\">\n\t\t\t\t<i aria-hidden=\"true\" class=\"fab fa-whatsapp\"><\/i>\t\t\t<\/span>\n\t\t\t\t\t\t<span class=\"elementor-button-text\">Hablemos por WhatsApp<\/span>\n\t\t<\/span>\n\t\t\t\t\t<\/a>\n\t\t<\/div>\n\t\t\t\t<\/div>\n\t\t\t\t<\/div>\n\t\t\t\t\t\t<\/div>\n\t\t\t\t\t<\/div>\n\t\t<\/div>\n\t\t\t\t\t\t\t\t<\/div>\n\t\t\t\t\t<\/div>\n\t\t<\/section>\n\t\t\t\t\t\t<\/div>\n\t\t\t\t\t\t<\/div>\n\t\t\t\t\t<\/div>\n\t\t","protected":false},"excerpt":{"rendered":"<p>Anterior Siguiente &nbsp; &nbsp; Desinfecci\u00f3n de espacios en \u00e1reas industriales, comerciales, residenciales entre otras. &nbsp; Mediante un an\u00e1lisis previo se hace un diagn\u00f3stico de prevenci\u00f3n, educaci\u00f3n ambiental y de salubridad, se recomiendan acciones preventivas para el manejo de plagas (Instalaci\u00f3n de dispositivos, trampas) cubriendo \u00e1reas industriales, residenciales,&nbsp;comercial entre otros. &nbsp; Manejo integrado de plagas &nbsp; [&hellip;]<\/p>\n","protected":false},"author":1,"featured_media":0,"parent":0,"menu_order":0,"comment_status":"closed","ping_status":"closed","template":"","meta":[],"yoast_head":"<!-- This site is optimized with the Yoast SEO plugin v17.3 - https:\/\/yoast.com\/wordpress\/plugins\/seo\/ -->\n<title>Desinfecci\u00f3n de espacios - Arcas fumigaciones<\/title>\n<meta name=\"robots\" content=\"index, follow, max-snippet:-1, max-image-preview:large, max-video-preview:-1\" \/>\n<link rel=\"canonical\" href=\"https:\/\/arcasfumigaciones.com\/index.php\/desinfeccion-de-espacios\/\" \/>\n<meta property=\"og:locale\" content=\"es_ES\" \/>\n<meta property=\"og:type\" content=\"article\" \/>\n<meta property=\"og:title\" content=\"Desinfecci\u00f3n de espacios - Arcas fumigaciones\" \/>\n<meta property=\"og:description\" content=\"Anterior Siguiente &nbsp; &nbsp; Desinfecci\u00f3n de espacios en \u00e1reas industriales, comerciales, residenciales entre otras. &nbsp; Mediante un an\u00e1lisis previo se hace un diagn\u00f3stico de prevenci\u00f3n, educaci\u00f3n ambiental y de salubridad, se recomiendan acciones preventivas para el manejo de plagas (Instalaci\u00f3n de dispositivos, trampas) cubriendo \u00e1reas industriales, residenciales,&nbsp;comercial entre otros. &nbsp; Manejo integrado de plagas &nbsp; [&hellip;]\" \/>\n<meta property=\"og:url\" content=\"https:\/\/arcasfumigaciones.com\/index.php\/desinfeccion-de-espacios\/\" \/>\n<meta property=\"og:site_name\" content=\"Arcas fumigaciones\" \/>\n<meta property=\"article:modified_time\" content=\"2024-03-26T22:40:03+00:00\" \/>\n<meta property=\"og:image\" content=\"https:\/\/arcasfumigaciones.com\/wp-content\/uploads\/elementor\/thumbs\/WhatsApp-Image-2021-05-31-at-1.45.34-PM-2-pcxbmtnmnqf6c6e11sg2e2cvhof9kw4bhwts5dul34.jpeg\" \/>\n<meta name=\"twitter:card\" content=\"summary_large_image\" \/>\n<meta name=\"twitter:label1\" content=\"Tiempo estimado de lectura\" \/>\n\t<meta name=\"twitter:data1\" content=\"2 minutos\" \/>\n<script type=\"application\/ld+json\" class=\"yoast-schema-graph\">{\"@context\":\"https:\/\/schema.org\",\"@graph\":[{\"@type\":\"WebSite\",\"@id\":\"https:\/\/arcasfumigaciones.com\/#website\",\"url\":\"https:\/\/arcasfumigaciones.com\/\",\"name\":\"Arcas fumigaciones\",\"description\":\"\",\"potentialAction\":[{\"@type\":\"SearchAction\",\"target\":{\"@type\":\"EntryPoint\",\"urlTemplate\":\"https:\/\/arcasfumigaciones.com\/?s={search_term_string}\"},\"query-input\":\"required name=search_term_string\"}],\"inLanguage\":\"es-CO\"},{\"@type\":\"ImageObject\",\"@id\":\"https:\/\/arcasfumigaciones.com\/index.php\/desinfeccion-de-espacios\/#primaryimage\",\"inLanguage\":\"es-CO\",\"url\":\"https:\/\/arcasfumigaciones.com\/wp-content\/uploads\/elementor\/thumbs\/WhatsApp-Image-2021-05-31-at-1.45.34-PM-2-pcxbmtnmnqf6c6e11sg2e2cvhof9kw4bhwts5dul34.jpeg\",\"contentUrl\":\"https:\/\/arcasfumigaciones.com\/wp-content\/uploads\/elementor\/thumbs\/WhatsApp-Image-2021-05-31-at-1.45.34-PM-2-pcxbmtnmnqf6c6e11sg2e2cvhof9kw4bhwts5dul34.jpeg\"},{\"@type\":\"WebPage\",\"@id\":\"https:\/\/arcasfumigaciones.com\/index.php\/desinfeccion-de-espacios\/#webpage\",\"url\":\"https:\/\/arcasfumigaciones.com\/index.php\/desinfeccion-de-espacios\/\",\"name\":\"Desinfecci\\u00f3n de espacios - Arcas fumigaciones\",\"isPartOf\":{\"@id\":\"https:\/\/arcasfumigaciones.com\/#website\"},\"primaryImageOfPage\":{\"@id\":\"https:\/\/arcasfumigaciones.com\/index.php\/desinfeccion-de-espacios\/#primaryimage\"},\"datePublished\":\"2021-09-28T03:52:34+00:00\",\"dateModified\":\"2024-03-26T22:40:03+00:00\",\"breadcrumb\":{\"@id\":\"https:\/\/arcasfumigaciones.com\/index.php\/desinfeccion-de-espacios\/#breadcrumb\"},\"inLanguage\":\"es-CO\",\"potentialAction\":[{\"@type\":\"ReadAction\",\"target\":[\"https:\/\/arcasfumigaciones.com\/index.php\/desinfeccion-de-espacios\/\"]}]},{\"@type\":\"BreadcrumbList\",\"@id\":\"https:\/\/arcasfumigaciones.com\/index.php\/desinfeccion-de-espacios\/#breadcrumb\",\"itemListElement\":[{\"@type\":\"ListItem\",\"position\":1,\"name\":\"Inicio\",\"item\":\"https:\/\/arcasfumigaciones.com\/\"},{\"@type\":\"ListItem\",\"position\":2,\"name\":\"Desinfecci\\u00f3n de espacios\"}]}]}<\/script>\n<!-- \/ Yoast SEO plugin. -->","yoast_head_json":{"title":"Desinfecci\u00f3n de espacios - Arcas fumigaciones","robots":{"index":"index","follow":"follow","max-snippet":"max-snippet:-1","max-image-preview":"max-image-preview:large","max-video-preview":"max-video-preview:-1"},"canonical":"https:\/\/arcasfumigaciones.com\/index.php\/desinfeccion-de-espacios\/","og_locale":"es_ES","og_type":"article","og_title":"Desinfecci\u00f3n de espacios - Arcas fumigaciones","og_description":"Anterior Siguiente &nbsp; &nbsp; Desinfecci\u00f3n de espacios en \u00e1reas industriales, comerciales, residenciales entre otras. &nbsp; Mediante un an\u00e1lisis previo se hace un diagn\u00f3stico de prevenci\u00f3n, educaci\u00f3n ambiental y de salubridad, se recomiendan acciones preventivas para el manejo de plagas (Instalaci\u00f3n de dispositivos, trampas) cubriendo \u00e1reas industriales, residenciales,&nbsp;comercial entre otros. &nbsp; Manejo integrado de plagas &nbsp; [&hellip;]","og_url":"https:\/\/arcasfumigaciones.com\/index.php\/desinfeccion-de-espacios\/","og_site_name":"Arcas fumigaciones","article_modified_time":"2024-03-26T22:40:03+00:00","og_image":[{"url":"https:\/\/arcasfumigaciones.com\/wp-content\/uploads\/elementor\/thumbs\/WhatsApp-Image-2021-05-31-at-1.45.34-PM-2-pcxbmtnmnqf6c6e11sg2e2cvhof9kw4bhwts5dul34.jpeg"}],"twitter_card":"summary_large_image","twitter_misc":{"Tiempo estimado de lectura":"2 minutos"},"schema":{"@context":"https:\/\/schema.org","@graph":[{"@type":"WebSite","@id":"https:\/\/arcasfumigaciones.com\/#website","url":"https:\/\/arcasfumigaciones.com\/","name":"Arcas fumigaciones","description":"","potentialAction":[{"@type":"SearchAction","target":{"@type":"EntryPoint","urlTemplate":"https:\/\/arcasfumigaciones.com\/?s={search_term_string}"},"query-input":"required name=search_term_string"}],"inLanguage":"es-CO"},{"@type":"ImageObject","@id":"https:\/\/arcasfumigaciones.com\/index.php\/desinfeccion-de-espacios\/#primaryimage","inLanguage":"es-CO","url":"https:\/\/arcasfumigaciones.com\/wp-content\/uploads\/elementor\/thumbs\/WhatsApp-Image-2021-05-31-at-1.45.34-PM-2-pcxbmtnmnqf6c6e11sg2e2cvhof9kw4bhwts5dul34.jpeg","contentUrl":"https:\/\/arcasfumigaciones.com\/wp-content\/uploads\/elementor\/thumbs\/WhatsApp-Image-2021-05-31-at-1.45.34-PM-2-pcxbmtnmnqf6c6e11sg2e2cvhof9kw4bhwts5dul34.jpeg"},{"@type":"WebPage","@id":"https:\/\/arcasfumigaciones.com\/index.php\/desinfeccion-de-espacios\/#webpage","url":"https:\/\/arcasfumigaciones.com\/index.php\/desinfeccion-de-espacios\/","name":"Desinfecci\u00f3n de espacios - Arcas fumigaciones","isPartOf":{"@id":"https:\/\/arcasfumigaciones.com\/#website"},"primaryImageOfPage":{"@id":"https:\/\/arcasfumigaciones.com\/index.php\/desinfeccion-de-espacios\/#primaryimage"},"datePublished":"2021-09-28T03:52:34+00:00","dateModified":"2024-03-26T22:40:03+00:00","breadcrumb":{"@id":"https:\/\/arcasfumigaciones.com\/index.php\/desinfeccion-de-espacios\/#breadcrumb"},"inLanguage":"es-CO","potentialAction":[{"@type":"ReadAction","target":["https:\/\/arcasfumigaciones.com\/index.php\/desinfeccion-de-espacios\/"]}]},{"@type":"BreadcrumbList","@id":"https:\/\/arcasfumigaciones.com\/index.php\/desinfeccion-de-espacios\/#breadcrumb","itemListElement":[{"@type":"ListItem","position":1,"name":"Inicio","item":"https:\/\/arcasfumigaciones.com\/"},{"@type":"ListItem","position":2,"name":"Desinfecci\u00f3n de espacios"}]}]}},"_links":{"self":[{"href":"https:\/\/arcasfumigaciones.com\/index.php\/wp-json\/wp\/v2\/pages\/1164"}],"collection":[{"href":"https:\/\/arcasfumigaciones.com\/index.php\/wp-json\/wp\/v2\/pages"}],"about":[{"href":"https:\/\/arcasfumigaciones.com\/index.php\/wp-json\/wp\/v2\/types\/page"}],"author":[{"embeddable":true,"href":"https:\/\/arcasfumigaciones.com\/index.php\/wp-json\/wp\/v2\/users\/1"}],"replies":[{"embeddable":true,"href":"https:\/\/arcasfumigaciones.com\/index.php\/wp-json\/wp\/v2\/comments?post=1164"}],"version-history":[{"count":22,"href":"https:\/\/arcasfumigaciones.com\/index.php\/wp-json\/wp\/v2\/pages\/1164\/revisions"}],"predecessor-version":[{"id":1579,"href":"https:\/\/arcasfumigaciones.com\/index.php\/wp-json\/wp\/v2\/pages\/1164\/revisions\/1579"}],"wp:attachment":[{"href":"https:\/\/arcasfumigaciones.com\/index.php\/wp-json\/wp\/v2\/media?parent=1164"}],"curies":[{"name":"wp","href":"https:\/\/api.w.org\/{rel}","templated":true}]}}